{"id":36004,"date":"2023-10-03T15:02:23","date_gmt":"2023-10-03T13:02:23","guid":{"rendered":"https:\/\/www.koefia.com\/?page_id=36004"},"modified":"2024-07-17T19:30:26","modified_gmt":"2024-07-17T17:30:26","slug":"sfilata-altaroma-summer-2023","status":"publish","type":"page","link":"https:\/\/www.koefia.com\/it\/sfilata-altaroma-summer-2023\/","title":{"rendered":"SFILATA ENSEMBLE 2023"},"content":{"rendered":"<div class=\"wpb-content-wrapper\"><p>[vc_row header_feature=&#8221;yes&#8221; margin_bottom=&#8221;0&#8243; padding_top=&#8221;20&#8243;][vc_column css=&#8221;.vc_custom_1551807836700{margin-bottom: 3% !important;}&#8221;][vc_column_text css=&#8221;&#8221;]<\/p>\n<h2 style=\"text-align: center;\">ENSEMBLE 2023 Summer<\/h2>\n<h1 style=\"text-align: center;\">Collezione &#8220;CMYK&#8221;<\/h1>\n<p>[\/vc_column_text][\/vc_column][\/vc_row][vc_row margin_bottom=&#8221;60px&#8221;][vc_column][vc_column_text]L\u2019ACCADEMIA KOEFIA E I SUOI STUDENTI presentano la COLLEZIONE CMYK \/ 17 LUGLIO 2022 \/ Piazza del Campidoglio, Roma<\/p>\n<p>L\u2019Accademia Internazionale d\u2019Alta Moda e d\u2019Arte del Costume KOEFIA e i suoi studenti hanno presentato la collezione 2022\/2023 \u201cCMYK\u201d all\u2019interno dell\u2019evento Ensemble\/Fashion Night Academies, in piazza del Campidoglio, gioved\u00ec 13 luglio, alle 20,30. Per il final work 2023, l\u2019Accademia Koefia ha proposto, agli allievi del terzo anno BA e secondo MA, di affrontare il progetto dell\u2019abito liberandolo dalla scelta del colore e assegnando loro una palette essenziale: il ciano, il magenta, il giallo e il nero, i quattro colori della stampa digitale.[\/vc_column_text][\/vc_column][\/vc_row][vc_row header_feature=&#8221;yes&#8221; padding_top=&#8221;50px&#8221;][vc_column width=&#8221;1\/5&#8243;][\/vc_column][vc_column width=&#8221;3\/5&#8243; css=&#8221;.vc_custom_1642693636083{border-top-width: 1px !important;border-right-width: 1px !important;border-bottom-width: 1px !important;border-left-width: 1px !important;background-color: #191919 !important;border-left-style: solid !important;border-right-style: solid !important;border-top-style: solid !important;border-bottom-style: solid !important;border-radius: 15px !important;}&#8221;]<div class=\"grve-element grve-image grve-animated-item grve-fadeInUp grve-full-image grve-align-center\" style=\"\" data-delay=\"400\"><a href=\"https:\/\/vimeo.com\/845243381\/96e7eeef55\" target=\"_self\"><img fetchpriority=\"high\" decoding=\"async\" width=\"1195\" height=\"670\" src=\"https:\/\/www.koefia.com\/wp-content\/uploads\/2023\/10\/2023-10-03-14_56_10-Koefia-Cmyk-2023.jpg\" class=\"attachment-full size-full\" alt=\"\" srcset=\"https:\/\/www.koefia.com\/wp-content\/uploads\/2023\/10\/2023-10-03-14_56_10-Koefia-Cmyk-2023.jpg 1x,https:\/\/www.koefia.com\/wp-content\/uploads\/2023\/10\/2023-10-03-14_56_10-Koefia-Cmyk-2023.jpg 2x\" \/><\/a><\/div>[\/vc_column][vc_column width=&#8221;1\/5&#8243;][\/vc_column][\/vc_row][vc_row margin_bottom=&#8221;60px&#8221;][vc_column][vc_column_text]La quadricromia CMYK \u00e8 un modello di colore a sintesi sottrattiva dove i tre colori primari, con l\u2019aggiunta del nero, mescolati tra loro, creano la percezione di pi\u00f9 colori semplicemente attraverso il gioco di componenti di colore riflesse percepite dall\u2019occhio e assorbite, quindi sottratte. Il fulcro del progetto ruota intorno a dei colori base che fungono da stimolo primario per la progettazione essenziale dell\u2019abito sul quale si interviene con una sintesi sottrattiva per evidenziarne la fattura, il volume, i tagli e il decoro, tono su tono, attraverso l\u2019utilizzo creativo delle tecniche apprese nei tre anni di Accademia.<\/p>\n<p>La stampa digitale trasforma l\u2019intangibile in tangibile, il digitale in analogico, proprio come un progetto disegnato diventa strumento di supporto alla realizzazione di un prodotto materico e tridimensionale come un vestito. A differenza del passato, il mondo del tessile e quello della stampa su carta non sono pi\u00f9 cos\u00ec distanti ed \u00e8 proprio su questa labile linea di confine che il progetto CMYK si realizza e trae il suo significato.<\/p>\n<p>Un abito di Alta Moda, inoltre, si pu\u00f2 realizzare mescolando o sovrapponendo, come nella stampa, tecniche sartoriali tra loro molto diverse: un\u2019ulteriore duplice concezione del progetto degli allievi dell\u2019Accademia che vedremo in passerella. La sintesi \u00e8 alla base dell\u2019artigianalit\u00e0 che viene insegnata alla Koefia, insieme alla possibilit\u00e0 di saper padroneggiare tutte le tecniche sartoriali e digitali utili alla trasformazione di un progetto, inizialmente bidimensionale, in un progetto che, nell\u2019incontro con un corpo, si rende mobile e tridimensionale.<\/p>\n<p>L\u2019apparente \u201crinuncia\u201d alla scelta del colore, e dei pattern, \u00e8 stato un modo per massimizzare l\u2019effetto delle scelte stilistiche del singolo allievo e stimolarlo ad applicare le tecniche di lavorazione apprese per rendere il progetto \u201cincrostato\u201d da ricami e differenti texture, oppure composto da tessuti di diverse pesantezze che danno all\u2019abito un aspetto materico, scultoreo, con giochi di luci e ombre. Tutto rigorosamente tono su tono, per dare evidenza al decoro e all\u2019astuzia tecnica e sottolineare la profondit\u00e0 del colore per puntare all\u2019essenziale, allo Stile, all\u2019evocazione di una eleganza sobria seppur ricca di cultura sartoriale e creativit\u00e0.<br \/>\n\u201ccome noi, questi artisti puri miravano all\u2019essenziale e rinunciavano ai particolari esteriori\u201d (W. Kandinsky).<\/p>\n<ul>\n<li>Si ringraziano le aziende IMATEX e OLMETEX per aver messo ancora una volta gratuitamente a disposizione degli studenti un cospicuo metraggio di Denim e Tessuti Tecnici.<\/li>\n<li>Si ringrazia, inoltre, la WASH ITALIA per la tintura del Denim nei quattro colori richiesti dal tema.<\/li>\n<\/ul>\n<h4>I 42 Stilisti<\/h4>\n<p>Elisa Attili | Aurora Baiocco | Giulia Baldini | Arianna Bracalenti | Ginevra Buglione | Chiara Capobianco | Francesca Caricchia | Alessandra Chen Shuting | Giusy Cifuni | Claudia Cocci | Valerio D\u2019Errico | Alessia Di Consolo | Nathalie Di Sciascio | Sara Faina | Giulia Fastellini | Lavinia Gasbarra | Sara Giuliani | Beatrice Lorenzi | Chiara Luciani | Elisa Lupardini | Livia Luzzago | Simona Macr\u00ec | Serena Maimone | Angelo Martorella | Beatrice Melandri | Valentina Miscioscia | Mara Moretti | Lucrezia Mosca | Emanuele Nardone | Linh Nguyen Hai | Jordane Njiapou Pany | Giovanni Palaia | Alessia Passeri | Letizia Perleonardi | Claudia Puler\u00e0 | Chiara Sanna | Federica Senzacqua | Silvia Tati | Chiara Transocchi | Francesca Trippini | Danery Vera Alvarez | Laura Wisniowska.[\/vc_column_text][\/vc_column][\/vc_row][vc_row margin_bottom=&#8221;0&#8243; padding_bottom=&#8221;30&#8243;][vc_column width=&#8221;1\/2&#8243;]<div class=\"grve-element grve-align-center\"><a class=\"grve-btn grve-btn-medium grve-square grve-bg-primary-1\" href=\"#popmake-1922\" target=\"_self\" style=\"\"><span>CHIEDI INFORMAZIONI<\/span><\/a><\/div>[\/vc_column][vc_column width=&#8221;1\/2&#8243;]<div class=\"grve-element grve-align-center\"><a class=\"grve-btn grve-btn-medium grve-square grve-bg-primary-1\" href=\"#popmake-1925\" target=\"_self\" style=\"\"><span>PRENOTA COLLOQUIO<\/span><\/a><\/div>[\/vc_column][\/vc_row]<\/p>\n<\/div>","protected":false},"excerpt":{"rendered":"<p>[vc_row header_feature=&#8221;yes&#8221; margin_bottom=&#8221;0&#8243; padding_top=&#8221;20&#8243;][vc_column css=&#8221;.vc_custom_1551807836700{margin-bottom: 3% !important;}&#8221;][vc_column_text css=&#8221;&#8221;] ENSEMBLE 2023 Summer Collezione &#8220;CMYK&#8221; [\/vc_column_text][\/vc_column][\/vc_row][vc_row margin_bottom=&#8221;60px&#8221;][vc_column][vc_column_text]L\u2019ACCADEMIA KOEFIA E I SUOI STUDENTI presentano la COLLEZIONE CMYK \/ 17 LUGLIO 2022 \/ Piazza del Campidoglio, Roma L\u2019Accademia Internazionale d\u2019Alta Moda e d\u2019Arte del Costume KOEFIA e i suoi studenti hanno presentato la collezione 2022\/2023 \u201cCMYK\u201d all\u2019interno dell\u2019evento Ensemble\/Fashion [&hellip;]<\/p>\n","protected":false},"author":3,"featured_media":0,"parent":0,"menu_order":0,"comment_status":"closed","ping_status":"closed","template":"","meta":{"footnotes":""},"class_list":["post-36004","page","type-page","status-publish","hentry"],"aioseo_notices":[],"_links":{"self":[{"href":"https:\/\/www.koefia.com\/it\/wp-json\/wp\/v2\/pages\/36004","targetHints":{"allow":["GET"]}}],"collection":[{"href":"https:\/\/www.koefia.com\/it\/wp-json\/wp\/v2\/pages"}],"about":[{"href":"https:\/\/www.koefia.com\/it\/wp-json\/wp\/v2\/types\/page"}],"author":[{"embeddable":true,"href":"https:\/\/www.koefia.com\/it\/wp-json\/wp\/v2\/users\/3"}],"replies":[{"embeddable":true,"href":"https:\/\/www.koefia.com\/it\/wp-json\/wp\/v2\/comments?post=36004"}],"version-history":[{"count":0,"href":"https:\/\/www.koefia.com\/it\/wp-json\/wp\/v2\/pages\/36004\/revisions"}],"wp:attachment":[{"href":"https:\/\/www.koefia.com\/it\/wp-json\/wp\/v2\/media?parent=36004"}],"curies":[{"name":"wp","href":"https:\/\/api.w.org\/{rel}","templated":true}]}}

<div class="wpb-content-wrapper"><p>[vc_row header_feature=&#8221;yes&#8221; margin_bottom=&#8221;0&#8243; padding_top=&#8221;20&#8243;][vc_column css=&#8221;.vc_custom_1551807836700{margin-bottom: 3% !important;}&#8221;][vc_column_text css=&#8221;&#8221;]</p>
<h2 style="text-align: center;">ENSEMBLE 2023 Summer</h2>
<h1 style="text-align: center;">Collezione &#8220;CMYK&#8221;</h1>
<p>[/vc_column_text][/vc_column][/vc_row][vc_row margin_bottom=&#8221;60px&#8221;][vc_column][vc_column_text]L’ACCADEMIA KOEFIA E I SUOI STUDENTI presentano la COLLEZIONE CMYK / 17 LUGLIO 2022 / Piazza del Campidoglio, Roma</p>
<p>L’Accademia Internazionale d’Alta Moda e d’Arte del Costume KOEFIA e i suoi studenti hanno presentato la collezione 2022/2023 “CMYK” all’interno dell’evento Ensemble/Fashion Night Academies, in piazza del Campidoglio, giovedì 13 luglio, alle 20,30. Per il final work 2023, l’Accademia Koefia ha proposto, agli allievi del terzo anno BA e secondo MA, di affrontare il progetto dell’abito liberandolo dalla scelta del colore e assegnando loro una palette essenziale: il ciano, il magenta, il giallo e il nero, i quattro colori della stampa digitale.[/vc_column_text][/vc_column][/vc_row][vc_row header_feature=&#8221;yes&#8221; padding_top=&#8221;50px&#8221;][vc_column width=&#8221;1/5&#8243;][/vc_column][vc_column width=&#8221;3/5&#8243; css=&#8221;.vc_custom_1642693636083{border-top-width: 1px !important;border-right-width: 1px !important;border-bottom-width: 1px !important;border-left-width: 1px !important;background-color: #191919 !important;border-left-style: solid !important;border-right-style: solid !important;border-top-style: solid !important;border-bottom-style: solid !important;border-radius: 15px !important;}&#8221;]<div class="grve-element grve-image grve-animated-item grve-fadeInUp grve-full-image grve-align-center" style="" data-delay="400"><a href="https://vimeo.com/845243381/96e7eeef55" target="_self"><img fetchpriority="high" decoding="async" width="1195" height="670" src="https://www.koefia.com/wp-content/uploads/2023/10/2023-10-03-14_56_10-Koefia-Cmyk-2023.jpg" class="attachment-full size-full" alt="" srcset="https://www.koefia.com/wp-content/uploads/2023/10/2023-10-03-14_56_10-Koefia-Cmyk-2023.jpg 1x,https://www.koefia.com/wp-content/uploads/2023/10/2023-10-03-14_56_10-Koefia-Cmyk-2023.jpg 2x" /></a></div>[/vc_column][vc_column width=&#8221;1/5&#8243;][/vc_column][/vc_row][vc_row margin_bottom=&#8221;60px&#8221;][vc_column][vc_column_text]La quadricromia CMYK è un modello di colore a sintesi sottrattiva dove i tre colori primari, con l’aggiunta del nero, mescolati tra loro, creano la percezione di più colori semplicemente attraverso il gioco di componenti di colore riflesse percepite dall’occhio e assorbite, quindi sottratte. Il fulcro del progetto ruota intorno a dei colori base che fungono da stimolo primario per la progettazione essenziale dell’abito sul quale si interviene con una sintesi sottrattiva per evidenziarne la fattura, il volume, i tagli e il decoro, tono su tono, attraverso l’utilizzo creativo delle tecniche apprese nei tre anni di Accademia.</p>
<p>La stampa digitale trasforma l’intangibile in tangibile, il digitale in analogico, proprio come un progetto disegnato diventa strumento di supporto alla realizzazione di un prodotto materico e tridimensionale come un vestito. A differenza del passato, il mondo del tessile e quello della stampa su carta non sono più così distanti ed è proprio su questa labile linea di confine che il progetto CMYK si realizza e trae il suo significato.</p>
<p>Un abito di Alta Moda, inoltre, si può realizzare mescolando o sovrapponendo, come nella stampa, tecniche sartoriali tra loro molto diverse: un’ulteriore duplice concezione del progetto degli allievi dell’Accademia che vedremo in passerella. La sintesi è alla base dell’artigianalità che viene insegnata alla Koefia, insieme alla possibilità di saper padroneggiare tutte le tecniche sartoriali e digitali utili alla trasformazione di un progetto, inizialmente bidimensionale, in un progetto che, nell’incontro con un corpo, si rende mobile e tridimensionale.</p>
<p>L’apparente “rinuncia” alla scelta del colore, e dei pattern, è stato un modo per massimizzare l’effetto delle scelte stilistiche del singolo allievo e stimolarlo ad applicare le tecniche di lavorazione apprese per rendere il progetto “incrostato” da ricami e differenti texture, oppure composto da tessuti di diverse pesantezze che danno all’abito un aspetto materico, scultoreo, con giochi di luci e ombre. Tutto rigorosamente tono su tono, per dare evidenza al decoro e all’astuzia tecnica e sottolineare la profondità del colore per puntare all’essenziale, allo Stile, all’evocazione di una eleganza sobria seppur ricca di cultura sartoriale e creatività.<br />
“come noi, questi artisti puri miravano all’essenziale e rinunciavano ai particolari esteriori” (W. Kandinsky).</p>
<ul>
<li>Si ringraziano le aziende IMATEX e OLMETEX per aver messo ancora una volta gratuitamente a disposizione degli studenti un cospicuo metraggio di Denim e Tessuti Tecnici.</li>
<li>Si ringrazia, inoltre, la WASH ITALIA per la tintura del Denim nei quattro colori richiesti dal tema.</li>
</ul>
<h4>I 42 Stilisti</h4>
<p>Elisa Attili | Aurora Baiocco | Giulia Baldini | Arianna Bracalenti | Ginevra Buglione | Chiara Capobianco | Francesca Caricchia | Alessandra Chen Shuting | Giusy Cifuni | Claudia Cocci | Valerio D’Errico | Alessia Di Consolo | Nathalie Di Sciascio | Sara Faina | Giulia Fastellini | Lavinia Gasbarra | Sara Giuliani | Beatrice Lorenzi | Chiara Luciani | Elisa Lupardini | Livia Luzzago | Simona Macrì | Serena Maimone | Angelo Martorella | Beatrice Melandri | Valentina Miscioscia | Mara Moretti | Lucrezia Mosca | Emanuele Nardone | Linh Nguyen Hai | Jordane Njiapou Pany | Giovanni Palaia | Alessia Passeri | Letizia Perleonardi | Claudia Pulerà | Chiara Sanna | Federica Senzacqua | Silvia Tati | Chiara Transocchi | Francesca Trippini | Danery Vera Alvarez | Laura Wisniowska.[/vc_column_text][/vc_column][/vc_row][vc_row margin_bottom=&#8221;0&#8243; padding_bottom=&#8221;30&#8243;][vc_column width=&#8221;1/2&#8243;]<div class="grve-element grve-align-center"><a class="grve-btn grve-btn-medium grve-square grve-bg-primary-1" href="#popmake-1922" target="_self" style=""><span>CHIEDI INFORMAZIONI</span></a></div>[/vc_column][vc_column width=&#8221;1/2&#8243;]<div class="grve-element grve-align-center"><a class="grve-btn grve-btn-medium grve-square grve-bg-primary-1" href="#popmake-1925" target="_self" style=""><span>PRENOTA COLLOQUIO</span></a></div>[/vc_column][/vc_row]</p>
</div>
